m(h) - p(h). What are the prime factors of f(8)?
3, 11
Let c(v) = 9*v**2 + 2*v + 4. Let w be c(3). Let t = -43 + w. Let k = t + -32. List the prime factors of k.
2
Suppose -j = 2*u - 1593, -4*j = -3*u + 1299 - 7726. List the prime factors of j.
7, 229
Let g = 73 + -19. What are the prime factors of g?
2, 3
Let u(o) = -o**3 + 19*o**2 - 18*o + 88. List the prime factors of u(18).
2, 11
Let b(r) = -60*r**3 + 4*r**2 + 4*r - 10. List the prime factors of b(-4).
2, 7, 277
Suppose -64*l + 61*l + 1071 = 0. List the prime factors of l.
3, 7, 17
What are the prime factors of (-1)/2*(-846)/(1/1)?
3, 47
Let c = 2 - -1. Let f be 29/58*0/(1 + -3). Let d = c + f. What are the prime factors of d?
3
Let r(u) = u. Let q = -11 + 16. Let s(f) = 41*f - 1. Let w(p) = q*r(p) - s(p). What are the prime factors of w(-1)?
37
Let a(m) be the first derivative of m**4/4 - 2*m**3 + 6*m**2 - 14*m + 2. Let h be a(8). Suppose -s = 4*s - h. List the prime factors of s.
2, 3, 7
Let l be (0*2/8)/2. What are the prime factors of 0 - 3 - (-83 + 4 + l)?
2, 19
Let b(j) = j**3 + j**2 - 5*j - 14. Let d be b(8). Suppose 4*r + 5*h = d, 5*r + 4*h - 8*h = 632. List the prime factors of r.
2
Let c(r) = r**2 - r + 1. Let v(x) = x**2 + 8*x + 9. Let g be v(-5). Let y(t) = 9*t**2 + 9*t + 3. Let w(f) = g*c(f) + y(f). What are the prime factors of w(-7)?
3, 13
Suppose t - 599 = -0*s - 5*s, -5*t + 5*s + 2875 = 0. List the prime factors of t.
3, 193
Let f(w) = 0 - 9 - 2 - 1 + 2*w. Let b be f(8). Suppose -n - 38 = -3*n - b*d, n + 4*d - 19 = 0. What are the prime factors of n?
19
Let t = 296 + 289. List the prime factors of t.
3, 5, 13
Let f = -4 - -6. Suppose -4*p + 12 = 0, 0*m - 105 = -m + f*p. Suppose 2*y + 2*c = 48, 5*c - 3*c = -5*y + m. List the prime factors of y.
3, 7
Let r be (5/10)/((-1)/6). Let m = r - 6. Let v = m + 37. List the prime factors of v.
2, 7
Let l(f) = 2*f**2 + 19*f - 7. Let p be l(-10). What are the prime factors of (-15)/2*(-3 - p)?
3, 5
Let w be 41/2 + (-3)/(-6). Let t = w - 31. Let a = t + 12. List the prime factors of a.
2
Suppose -4*d + 7 = -3*d. Suppose 5*x = -d + 82. Let p = 26 - x. List the prime factors of p.
11
Suppose -2*v + a - 103 = -6*v, 3*v = -4*a + 61. Suppose -7 = 4*k - v. What are the prime factors of k?
5
Suppose 0 = 2*k - 3*x - 15, 0 = 4*k + k + 4*x + 20. Let r(w) = -w**2 + 2*w - 186. Let n be r(k). Let s = n + 260. What are the prime factors of s?
2, 37
Let b = 251 + -125. Let y = -67 + b. What are the prime factors of y?
59
Suppose 202 = 4*u - 6. Suppose a - u = -27. What are the prime factors of a?
5
Suppose 25*t = 22341 - 8666. What are the prime factors of t?
547
Let f(v) = -v**3 + 10*v**2 - 5*v - 1. Let l be 38/6 + (-14)/(-21). Let g be f(l). Let j = g - 66. What are the prime factors of j?
3, 5
Let j be (-76)/3*(-21)/14. Suppose -2*a + 2*s + 2*s = -j, a = -3*s - 6. List the prime factors of a.
3
Suppose 2*q - 1 - 5 = 0. Let h = -45 + 79. Suppose q*d - h = -p - p, 0 = -5*d + 10. List the prime factors of p.
2, 7
Suppose 4*t - 36 = -4*u, -4*t = -0*t + 2*u - 28. Suppose -11 = 3*m + 1, -5*g + 210 = t*m. List the prime factors of g.
2, 23
Let u = 12 - 10. List the prime factors of 19/u*(1 - -5).
3, 19
Let s be 74/14 - 4/14. Suppose -s*q + r + 2*r - 12 = 0, -r = -3*q - 4. Suppose -2*t - 3 + 59 = q. What are the prime factors of t?
2, 7
Let f = 672 - 89. List the prime factors of f.
11, 53
Let l = -2 + 15. Suppose -3*m - 2 + l = i, -3*m + 4*i + 31 = 0. Suppose m*x - 7*x + 32 = 0. What are the prime factors of x?
2
Let t(b) = 7*b**2 + 13*b - 21. Let r(l) = 15*l**2 + 26*l - 42. Let y(n) = 6*r(n) - 13*t(n). What are the prime factors of y(-13)?
3, 7
Let u(i) = 3*i - 10. Let q be u(7). Suppose -q*c + 9*c + 108 = 0. Suppose -3*z + c = -0*z. List the prime factors of z.
2, 3
Let h = -486 - -1136. What are the prime factors of h?
2, 5, 13
Suppose 0 = 2*o - 3*v + 22 - 4, -2*v = 4. List the prime factors of (-322)/(-4) - o/(-8).
79
Suppose -5*q - w + 943 = 0, -3*q = -q - 4*w - 386. What are the prime factors of q?
3, 7
Let x(z) = 3*z**3 - 6*z - 6. Let t be x(6). Let s = t - 427. What are the prime factors of s?
179
Let q = -296 - -421. Suppose v + q = 6*v. Suppose -p + 1 = -v. What are the prime factors of p?
2, 13
Let n(m) = 675*m**2 + 6*m + 1. List the prime factors of n(1).
2, 11, 31
Let n(i) = -7*i**3 - 6*i**2 + 8*i - 4. Let u(r) = -6*r**3 - 6*r**2 + 9*r - 5. Let y(p) = -5*n(p) + 4*u(p). List the prime factors of y(2).
2, 13
Let l be 2994/(-36) - (-3)/18. Let v = l + 163. List the prime factors of v.
2, 5
Let f(h) = 4*h + 194. List the prime factors of f(11).
2, 7, 17
Let v(k) = -3*k**2 - 13*k + 13. Let p be v(1). What are the prime factors of (0 + 25/p)/(1/(-3))?
5
Let u(d) = -24*d**3 + d**2 - 2*d + 2. What are the prime factors of u(-3)?
5, 7, 19
List the prime factors of (3 - 6/(36/14))*159.
2, 53
List the prime factors of 17584/22 - 33/121.
17, 47
Let c be -6*(1 + -3)*(-4)/(-16). Suppose 4*s + v - 177 = s, -129 = -2*s + c*v. What are the prime factors of s?
2, 3, 5
Let h = -375 - -591. List the prime factors of h.
2, 3
Suppose 2*d = 3*h - 490, 118 = h - 4*d - 52. Suppose -3*k - h = -5*k. List the prime factors of k.
3
Let r(u) = u**2 - 8*u - 12. Let p be r(10). Suppose -7*x = -p*x + 59. What are the prime factors of x?
59
Suppose -3*w - 748 = -s + 163, -w = 3. List the prime factors of s.
2, 11, 41
Let w be 843/2 - 3/(-2). Let o be (-12)/(-30) + w/5. Suppose 5*q = o + 85. What are the prime factors of q?
2, 17
Let u(o) be the second derivative of -11*o**3/2 + 3*o**2 - 3*o. Let f be u(-3). Let t = f + -43. What are the prime factors of t?
2, 31
Suppose 5*c + 4*d = 336, -4*c + 3*d + 41 = -203. List the prime factors of c.
2
Suppose -w = 3*z - 1562, -2*z + 3*w + w + 1060 = 0. What are the prime factors of z?
2, 3, 29
Let h(o) = -o**3 + 2*o**2 - 15. Let l be h(-5). Suppose x = l + 136. List the prime factors of x.
2, 37
Suppose 0 = -6*z + 379 + 3797. What are the prime factors of z?
2, 3, 29
Let x(p) be the second derivative of -p**4/12 + 7*p**3/6 - 7*p**2/2 + 3*p. Let o be x(6). List the prime factors of 3/o - 56/(-2).
5
Let c(p) be the first derivative of 27*p**2 - 2*p + 79. Suppose -x = -0*x - 1. List the prime factors of c(x).
2, 13
Let i = -10 - -4. Let a be 165/i - (-1)/2. What are the prime factors of 9/a + (-158)/(-6)?
2, 13
Let k be ((-297)/45)/(1/(-15)). Suppose -5*x + k + 111 = 0. What are the prime factors of (x/15 + -4)*-30?
2, 3
Let o(s) = -18*s + 2. Let z = 19 + -23. What are the prime factors of o(z)?
2, 37
Let k = -166 + 1200. List the prime factors of k.
2, 11, 47
Suppose 3*j - 6 = 2*c - 3, 4*c = -5*j + 27. Suppose c*o - 53 = -2*y + 34, 84 = 3*o + y. List the prime factors of o.
3
Let q be (-11)/(308/8)*-2*7. Suppose 0 = -0*k - q*k + 228. List the prime factors of k.
3, 19
Let t(o) = -o**2 - 6*o - 6. Suppose 2 = -g + l, -3*l - 15 = 5*g + 11. Let y be t(g). Suppose 5*k - 71 - 43 = 2*b, -42 = -2*k + y*b. List the prime factors of k.
2, 3
Let u be ((108/15)/(-3))/((-9)/(-420)). List the prime factors of u/(-4) + (-3 - -1).
2, 13
Let y(a) = 2 + 2*a - 15*a**2 + 16*a**2 + 3*a + 2*a. List the prime factors of y(6).
2, 5
Let i be -1*(-4 + 3) + 1. Suppose 5*u = 5, -4*u + 7 = i*h - 5. List the prime factors of ((-2)/(-5))/(h/140).
2, 7
Let c be (-510)/17*((-8)/10 + 2). List the prime factors of (c/16 - -3)*4 + 58.
61
List the prime factors of (-6)/(-4)*4*49/2.
3, 7
Let u(x) be the second derivative of 16*x**3/3 + 2*x**2 + x. List the prime factors of u(2).
2, 17
Suppose -11*x + 8*x + 1035 = 0. List the prime factors of x.
3, 5, 23
Let p(a) = a**2 - 7*a + 3. Let x be p(5). Let y(d) = 7 + d**3 - d - 7*d**2 - 2*d**3 + 0*d**2. List the prime factors of y(x).
2, 7
Let q = 3 - -6. Suppose -40 = 13*u - 10*u + 5*c, -2*c - 25 = 3*u. What are the prime factors of u + q - -1*2?
2, 3
Let z(n) = 2*n**2 - 2*n + 15. Let x be z(0). Let g = x - -16. List the prime factors of g.
31
Let m(q) = -2*q**3 - 33*q**2 - 8*q - 31. Let o be m(-16). Let u = o - -477. List the prime factors of u.
2, 3, 53
Suppose -2*h + 186 = -2*n, n + 0 + 1 = 0. Suppose 4*g - 5*g = -h. List the prime factors of g.
2, 23
Let q be 40/6 + 30/(-45). Suppose -2*h - w - w + 210 = 0, 3*w + q = 0. List the prime factors of h.
107
Let k be -2 - (-3 - 11)/(-2). Let i be k/(-6) - 18/(-4). Suppose -3*w + 